base 13?
34a5
-36316 (base 9) to base 6
-304323
What is 3224 (base 5) in base 15?
1e4
What is -3213200 (base 4) in base 15?
-45cb
1122012 (base 3) to base 2
10010101001
Convert -11061 (base 7) to base 14.
-1031
Convert -114c (base 13) to base 12.
-14a6
What is -666e (base 15) in base 3?
-1002202212
What is -6900 (base 12) in base 3?
-121000000
Convert 29a (base 13) to base 4.
13101
What is -4533 (base 6) in base 13?
-63c
-42aa (base 12) to base 6
-53534
Convert -b03 (base 12) to base 6.
-11203
1137 (base 12) to base 10
1915
Convert 21231 (base 4) to base 6.
2513
What is -5906 (base 13) in base 8?
-30340
Convert 2082 (base 15) to base 8.
15330
-3165 (base 7) to base 9
-1480
11000101010011 (base 2) to base 3
122022200
What is -34244 (base 6) in base 9?
-6581
What is -4111 (base 11) in base 13?
-263a
6ca1 (base 16) to base 2
110110010100001
Convert 10222210 (base 3) to base 2.
101101011110
Convert -31a7 (base 15) to base 16.
-290b
Convert -11110 (base 4) to base 16.
-154
Convert -10361 (base 11) to base 8.
-35337
Convert -84847 (base 10) to base 11.
-58824
Convert -2457 (base 10) to base 15.
-adc
Convert 15bb9 (base 13) to base 15.
c4a7
What is -26601 (base 9) in base 5?
-1033413
Convert 492 (base 16) to base 11.
974
What is d7a (base 15) in base 3?
11011121
What is 61737 (base 9) in base 8?
117370
Convert -2202123 (base 4) to base 13.
-4968
1038 (base 9) to base 2
1011111100
What is 12331 (base 4) in base 7?
1204
Convert -116014 (base 8) to base 4.
-21300030
-1380 (base 16) to base 5
-124432
What is -275 (base 11) in base 5?
-2244
What is 50 (base 7) in base 11?
32
Convert -769 (base 16) to base 13.
-b2c
What is -1111001101 (base 2) in base 7?
-2560
What is -1202 (base 5) in base 12?
-129
-34c (base 13) to base 15
-281
Convert -7e6 (base 16) to base 8.
-3746
What is 11b44 (base 13) in base 16?
7fa1
What is -1ac6a (base 14) in base 5?
-4141202
What is 552321 (base 6) in base 13?
17b8a
Convert -211222 (base 3) to base 16.
-26c
Convert 264 (base 12) to base 10.
364
Convert 110010110000 (base 2) to base 8.
6260
Convert 144 (base 13) to base 7.
441
Convert -2a60 (base 12) to base 4.
-1031220
Convert 1b4 (base 15) to base 11.
329
Convert 21221 (base 4) to base 8.
1151
Convert 13333 (base 4) to base 12.
367
What is 2338b (base 12) in base 3?
2101201222
What is -256 (base 11) in base 2?
-100101111
1146 (base 10) to base 5
14041
Convert -1001100 (base 2) to base 12.
-64
1221221101 (base 3) to base 6
454401
3b46 (base 13) to base 3
102200010
Convert -6454 (base 7) to base 11.
-17a5
What is -10010100101000 (base 2) in base 8?
-22450
355 (base 10) to base 8
543
What is 12332 (base 4) in base 6?
2022
-a39a (base 14) to base 9
-42563
Convert -9823 (base 13) to base 10.
-21154
What is 4142012 (base 5) in base 13?
25182
206b5 (base 12) to base 15
c8b8
-2022001 (base 3) to base 5
-23200
Convert 30223 (base 8) to base 3.
122001120
Convert -783b (base 13) to base 12.
-9865
Convert -21763 (base 9) to base 11.
-a96a
9059 (base 12) to base 2
11110100000101
What is -34323 (base 6) in base 10?
-4875
Convert 202311 (base 4) to base 12.
1359
Convert 1a797 (base 13) to base 10.
51838
-5743 (base 11) to base 16
-1d7d
-6 (base 16) to base 4
-12
Convert 15803 (base 10) to base 16.
3dbb
What is 115556 (base 8) in base 11?
27993
Convert -10324 (base 5) to base 7.
-2040
33187 (base 9) to base 7
121141
What is -112201 (base 3) in base 6?
-1501
What is 8a02 (base 12) in base 8?
35642
Convert 4918 (base 12) to base 7.
32663
What is -122c4 (base 15) in base 13?
-20533
What is -1661 (base 10) in base 6?
-11405
Convert -40b (base 13) to base 11.
-575
-51903 (base 10) to base 13
-1a817
-653 (base 9) to base 3
-201210
-1120 (base 5) to base 15
-aa
Convert -2334 (base 12) to base 14.
-1608
Convert 869 (base 12) to base 3.
1200200
Convert 201101021 (base 3) to base 16.
3730
Convert 566 (base 7) to base 2.
100100101
What is -211122022 (base 3) in base 12?
-9675
What is -9131 (base 10) in base 7?
-35423
Convert -21301 (base 6) to base 8.
-5545
Convert -3633 (base 7) to base 6.
-10123
Convert 2001120 (base 3) to base 6.
10540
What is 10c (base 13) in base 7?
346
Convert 22510 (base 7) to base 16.
166c
28c (base 14) to base 12
370
What is -c03 (base 16) in base 12?
-1943
Convert -15482 (base 11) to base 4.
-11111232
What is 190c (base 16) in base 5?
201122
What is 253 (base 14) in base 9?
566
-a78 (base 11) to base 9
-1688
What is 296 (base 11) in base 6?
1335
-65d (base 15) to base 6
-10354
What is -2187 (base 9) in base 3?
-2012221
-1101212 (base 3) to base 9
-1355
642 (base 10) to base 16
282
2316 (base 9) to base 8
3264
337 (base 14) to base 16
27d
Convert 33b8 (base 14) to base 5.
241412
What is 3420 (base 5) in base 4?
13211
Convert -2cc (base 14) to base 9.
-705
What is cb (base 16) in base 11?
175
-34957 (base 11) to base 9
-76117
Convert 103032 (base 4) to base 2.
10011001110
What is 1574 (base 10) in base 9?
2138
-1201001 (base 3) to base 10
-1243
Convert 4152 (base 7) to base 14.
762
1525 (base 9) to base 10
1157
What is -3302 (base 7) in base 14?
-602
Convert -2379 (base 10) to base 4.
-211023
What is -16373 (base 8) in base 7?
-30426
Convert -1000110100 (base 2) to base 9.
-686
-37 (base 13) to base 14
-34
18f (base 16) to base 11
333
-11103 (base 4) to base 6
-1323
3240 (base 5) to base 16
1bd
What is 1cc (base 14) in base 15?
1a1
What is -32352 (base 8) in base 13?
-6220
-42043 (base 5) to base 3
-10210201
-11302 (base 7) to base 5
-43033
What is 33313 (base 5) in base 14?
bc9
What is 1121021 (base 3) in base 13?
6bb
What is -14664 (base 7) in base 2?
-1000000010001
What is -27a (base 11) in base 14?
-197
Convert -8425 (base 13) to base 5.
-1041113
What is -422 (base 5) in base 10?
-112
Convert 10c9 (base 15) to base 12.
2090
What is -3362 (base 8) in base 13?
-a6a
-121321 (base 4) to base 7
-4555
What is 1a346 (base 11) in base 13?
cbab
23270 (base 8) to base 5
304122
-210011 (base 3) to base 7
-1444
What is aa6 (base 13) in base 3?
2111122
-3372 (base 8) to base 10
-1786
-125355 (base 6) to base 10
-11591
Convert 6d17 (base 14) to base 12.
b021
Convert -23136 (base 7) to base 6.
-43203
3715 (base 9) to base 8
5320
What is -1ee (base 16) in base 7?
-1304
1774 (base 16) to base 10
6004
What is -531004 (base 6) in base 13?
-1674a
What is 20022120 (base 3) in base 13?
2133
What is -1131 (base 13) in base 7?
-10005
Convert 12221 (base 3) to base 16.
a0
What is 42110 (base 7) in base 8?
24152
What is -30032 (base 5) in base 14?
-992
What is 1011100110010 (base 2) in base 3?
22010221
What is -122303 (base 4) in base 6?
-11535
What is 2102 (base 3) in base 12?
55
56742 (base 8) to base 15
71c4
Convert 1213 (base 15) to base 5.
110333
What is 2a3 (base 12) in base 3?
120020
Convert 10c4 (base 14) to base 12.
1830
Convert 311014 (base 5) to base 15.
3009
db23 (base 14) to base 8
111743
Convert -2254 (base 9) to base 15.
-764
What is -12130012 (base 4) in base 10?
-26374
What is -b155 (base 12) in base 4?
-10230101
What is 2011010 (base 5) in base 9?
47811
What is 56 (base 7) in base 5?
131
What is -11347 (base 11) in base 6?
-203510
46576 (base 11) to base 16
106a6
Convert 2154 (base 6) to base 5.
4002
-102233 (base 5) to base 2
-110101110011
Convert 708 (base 16) to base 4.
130020
976 (base 15) to base 7
6141
What is -15280 (base 9) in base 6?
-120200
Convert -15816 (base 9) to base 12.
-6359
Convert -11442 (base 5) to base 13.
-521
-10210 (base 5) to base 6
-3052
2741 (base 8) to base 14
797
What is 130241 (base 7) in base 16?
5e49
What is c39c (base 14) in base 15?
9e89
Convert 1450 (base 11) to base 12.
10ba
5484 (base 13) to base 16
2df9
What is 1202110 (base 3) in base 15?
5a6
What is -1622 (base 7) in base 9?
-805
Convert -111101000110 (base 2) to base 14.
-15d4
What is b14 (base 14) in base 2?
100001111110
88a (base 16) to base 9
2888
Convert 33114 (base 6) to base 11.
3496
What is 1021 (base 9) in base 16?
2ec
What is -16111 (base 12) in base 10?
-31261
What is 184 (base 12) in base 16?
f4
Convert -245043 (base 6) to base 8.
-52523
22261 (base 7) to base 5
140004
Convert -221613 (base 7) to base 4.
-21202113
What is -1b81 (base 14) in base 15?
-1743
What is -1110 (base 7) in base 5?
-3044
What is 1135 (base 9) in base 2?
1101001010
3537 (base 13) to base 8
16472
Convert 